{"id":259,"date":"2025-11-19T16:35:21","date_gmt":"2025-11-19T16:35:29","guid":{"rendered":"https:\/\/www.scm4ecr.com\/?page_id=259"},"modified":"2025-12-28T19:06:36","modified_gmt":"2025-12-28T17:06:36","slug":"conference-co-chairs","status":"publish","type":"page","link":"https:\/\/www.scm4ecr.com\/index.php\/conference-co-chairs\/","title":{"rendered":"Conference Co-Chairs"},"content":{"rendered":"\n<blockquote class=\"wp-block-quote is-layout-flow wp-block-quote-is-layout-flow\">\n<p><\/p>\n<\/blockquote>\n\n\n\n<section id=\"section-944b1330-60c6-4e8f-9816-27d53d7c2477\" class=\"wp-block-gutentor-about-block alignwide gutentor-section gutentor-about about-template6 has-color-bg has-custom-bg\"><div class=\"grid-container\"><div class=\"gutentor-grid-item-wrap\"><div class=\"gutentor-single-item\"><div class=\"grid-row\"><div class=\"grid-md-6 about-grid\"><div class=\"gutentor-single-item-content\"><div class=\"gutentor-about-content\"><h3 class=\"gutentor-single-item-title\"> Dr. GERD WOLFRAM<\/h3><p class=\"gutentor-single-item-desc\"> IoT Innovation &amp; Consult <br>Cologne<br>Germany<\/p><\/div><\/div><\/div><div class=\"grid-md-6 about-grid\"><div class=\"gutentor-single-item-image-box\"><div class=\"gutentor-image-thumb\"><img loading=\"lazy\" decoding=\"async\" class=\"normal-image\" src=\"https:\/\/www.scm4ecr.com\/wp-content\/uploads\/2025\/11\/Gerd-Wolfram.jpeg\" alt=\"\" height=\"197\" width=\"197\" \/><\/div><\/div><\/div><\/div><\/div><\/div><\/div><\/section>\n\n\n\n<hr class=\"wp-block-separator has-alpha-channel-opacity is-style-wide\"\/>\n\n\n\n<section id=\"section-g-tejkces\" class=\"wp-block-gutentor-about-block alignwide gutentor-section gutentor-about about-template6 has-color-bg has-custom-bg\"><div class=\"grid-container\"><div class=\"gutentor-grid-item-wrap\"><div class=\"gutentor-single-item\"><div class=\"grid-row\"><div class=\"grid-md-6 about-grid\"><div class=\"gutentor-single-item-content\"><div class=\"gutentor-about-content\"><h3 class=\"gutentor-single-item-title\">Professor VALENTIN RADU Ph. D. Hab.<\/h3><p class=\"gutentor-single-item-desc\"> Valahia University of T\u00e2rgovi\u015fte <br>T\u00e2rgovi\u015fte<br>Romania<\/p><\/div><\/div><\/div><div class=\"grid-md-6 about-grid\"><div class=\"gutentor-single-item-image-box\"><div class=\"gutentor-image-thumb\"><img loading=\"lazy\" decoding=\"async\" class=\"normal-image\" src=\"https:\/\/www.scm4ecr.com\/wp-content\/uploads\/2025\/12\/valentin-radu.jpg\" alt=\"\" height=\"256\" width=\"225\" \/><\/div><\/div><\/div><\/div><\/div><\/div><\/div><\/section>\n\n\n\n<hr class=\"wp-block-separator has-alpha-channel-opacity is-style-wide\"\/>\n\n\n\n<section id=\"section-g-ejwj8e4\" class=\"wp-block-gutentor-about-block alignwide gutentor-section gutentor-about about-template6 has-color-bg has-custom-bg\"><div class=\"grid-container\"><div class=\"gutentor-grid-item-wrap\"><div class=\"gutentor-single-item\"><div class=\"grid-row\"><div class=\"grid-md-6 about-grid\"><div class=\"gutentor-single-item-content\"><div class=\"gutentor-about-content\"><h3 class=\"gutentor-single-item-title\">Professor COSTEL ILIU\u0162\u0102 NEGRICEA Ph.D Hab.<\/h3><p class=\"gutentor-single-item-desc\">Romanian-American University<br>Bucharest<br>Romania<\/p><\/div><\/div><\/div><div class=\"grid-md-6 about-grid\"><div class=\"gutentor-single-item-image-box\"><div class=\"gutentor-image-thumb\"><img loading=\"lazy\" decoding=\"async\" class=\"normal-image\" src=\"https:\/\/www.scm4ecr.com\/wp-content\/uploads\/2025\/11\/negricea_costel.jpg\" alt=\"\" height=\"240\" width=\"200\" \/><\/div><\/div><\/div><\/div><\/div><\/div><\/div><\/section>\n\n\n\n<hr class=\"wp-block-separator has-alpha-channel-opacity is-style-wide\"\/>\n\n\n\n<section id=\"section-g-111d3yr\" class=\"wp-block-gutentor-about-block alignwide gutentor-section gutentor-about about-template6 has-color-bg has-custom-bg\"><div class=\"grid-container\"><div class=\"gutentor-grid-item-wrap\"><div class=\"gutentor-single-item\"><div class=\"grid-row\"><div class=\"grid-md-6 about-grid\"><div class=\"gutentor-single-item-content\"><div class=\"gutentor-about-content\"><h3 class=\"gutentor-single-item-title\">Professor MICHAEL BOURLAKIS Ph. D.<\/h3><p class=\"gutentor-single-item-desc\">Cranfield University<br>England<\/p><\/div><\/div><\/div><div class=\"grid-md-6 about-grid\"><div class=\"gutentor-single-item-image-box\"><div class=\"gutentor-image-thumb\"><img loading=\"lazy\" decoding=\"async\" class=\"normal-image\" src=\"https:\/\/www.scm4ecr.com\/wp-content\/uploads\/2025\/11\/michael_bourlakis.jpg\" alt=\"\" height=\"200\" width=\"200\" \/><\/div><\/div><\/div><\/div><\/div><\/div><\/div><\/section>\n\n\n\n<hr class=\"wp-block-separator has-alpha-channel-opacity is-style-wide\"\/>\n\n\n\n<section id=\"section-g-jhr2kny\" class=\"wp-block-gutentor-about-block alignwide gutentor-section gutentor-about about-template6 has-color-bg has-custom-bg\"><div class=\"grid-container\"><div class=\"gutentor-grid-item-wrap\"><div class=\"gutentor-single-item\"><div class=\"grid-row\"><div class=\"grid-md-6 about-grid\"><div class=\"gutentor-single-item-content\"><div class=\"gutentor-about-content\"><h3 class=\"gutentor-single-item-title\">Pofessor THEODOR PURCAREA Ph.D.<\/h3><p class=\"gutentor-single-item-desc\">Romanian Distribution Committee<br>Bucharest<br>Romania<\/p><\/div><\/div><\/div><div class=\"grid-md-6 about-grid\"><div class=\"gutentor-single-item-image-box\"><div class=\"gutentor-image-thumb\"><img loading=\"lazy\" decoding=\"async\" class=\"normal-image\" src=\"https:\/\/www.scm4ecr.com\/wp-content\/uploads\/2025\/11\/Purcarea-Theodor-Valentin.jpg\" alt=\"\" height=\"200\" width=\"200\" \/><\/div><\/div><\/div><\/div><\/div><\/div><\/div><\/section>\n\n\n\n<hr class=\"wp-block-separator has-alpha-channel-opacity is-style-wide\"\/>\n\n\n\n<section id=\"section-g-ytltccy\" class=\"wp-block-gutentor-about-block alignwide gutentor-section gutentor-about about-template6 has-color-bg has-custom-bg\"><div class=\"grid-container\"><div class=\"gutentor-grid-item-wrap\"><div class=\"gutentor-single-item\"><div class=\"grid-row\"><div class=\"grid-md-6 about-grid\"><div class=\"gutentor-single-item-content\"><div class=\"gutentor-about-content\"><h3 class=\"gutentor-single-item-title\">Professor OLGA KHOL Ph.D.<\/h3><p class=\"gutentor-single-item-desc\">Saint-Petersburg State Economic University<br>Rusia<\/p><\/div><\/div><\/div><div class=\"grid-md-6 about-grid\"><div class=\"gutentor-single-item-image-box\"><div class=\"gutentor-image-thumb\"><img loading=\"lazy\" decoding=\"async\" class=\"normal-image\" src=\"https:\/\/www.scm4ecr.com\/wp-content\/uploads\/2025\/11\/OLGA_KHOL.png\" alt=\"\" height=\"200\" width=\"200\" \/><\/div><\/div><\/div><\/div><\/div><\/div><\/div><\/section>\n\n\n\n<hr class=\"wp-block-separator has-alpha-channel-opacity is-style-wide\"\/>\n\n\n\n<section id=\"section-g-q83qvcq\" class=\"wp-block-gutentor-about-block alignwide gutentor-section gutentor-about about-template6 has-color-bg has-custom-bg\"><div class=\"grid-container\"><div class=\"gutentor-grid-item-wrap\"><div class=\"gutentor-single-item\"><div class=\"grid-row\"><div class=\"grid-md-6 about-grid\"><div class=\"gutentor-single-item-content\"><div class=\"gutentor-about-content\"><h3 class=\"gutentor-single-item-title\">Professor BORNA ABRAMOVIC Ph.D.<\/h3><p class=\"gutentor-single-item-desc\">University of Zagreb<br>Croatia<\/p><\/div><\/div><\/div><div class=\"grid-md-6 about-grid\"><div class=\"gutentor-single-item-image-box\"><div class=\"gutentor-image-thumb\"><img loading=\"lazy\" decoding=\"async\" class=\"normal-image\" src=\"https:\/\/www.scm4ecr.com\/wp-content\/uploads\/2025\/11\/Borna-Abramovic.jpg\" alt=\"\" height=\"200\" width=\"200\" \/><\/div><\/div><\/div><\/div><\/div><\/div><\/div><\/section>\n\n\n\n<hr class=\"wp-block-separator has-alpha-channel-opacity is-style-wide\"\/>\n\n\n\n<section id=\"section-g-1cvzlup\" class=\"wp-block-gutentor-about-block alignwide gutentor-section gutentor-about about-template6 has-color-bg has-custom-bg\"><div class=\"grid-container\"><div class=\"gutentor-grid-item-wrap\"><div class=\"gutentor-single-item\"><div class=\"grid-row\"><div class=\"grid-md-6 about-grid\"><div class=\"gutentor-single-item-content\"><div class=\"gutentor-about-content\"><h3 class=\"gutentor-single-item-title\">Professor MARTA STAROSTKA-PATYK Ph. D. Hab.<\/h3><p class=\"gutentor-single-item-desc\">Warsaw University of Technology<br>Poland<\/p><\/div><\/div><\/div><div class=\"grid-md-6 about-grid\"><div class=\"gutentor-single-item-image-box\"><div class=\"gutentor-image-thumb\"><img loading=\"lazy\" decoding=\"async\" class=\"normal-image\" src=\"https:\/\/www.scm4ecr.com\/wp-content\/uploads\/2025\/11\/marta_starostka_patyk.jpeg\" alt=\"\" height=\"231\" width=\"200\" \/><\/div><\/div><\/div><\/div><\/div><\/div><\/div><\/section>\n\n\n\n<hr class=\"wp-block-separator has-alpha-channel-opacity is-style-wide\"\/>\n\n\n\n<section id=\"section-g-ugiyiiw\" class=\"wp-block-gutentor-about-block alignwide gutentor-section gutentor-about about-template6 has-color-bg has-custom-bg\"><div class=\"grid-container\"><div class=\"gutentor-grid-item-wrap\"><div class=\"gutentor-single-item\"><div class=\"grid-row\"><div class=\"grid-md-6 about-grid\"><div class=\"gutentor-single-item-content\"><div class=\"gutentor-about-content\"><h3 class=\"gutentor-single-item-title\">Col. Professor Tomasz JA\u0141OWIEC, Ph. D.<\/h3><p class=\"gutentor-single-item-desc\">Warsaw University of Life Sciences, Management Institute<br>Poland<\/p><\/div><\/div><\/div><div class=\"grid-md-6 about-grid\"><div class=\"gutentor-single-item-image-box\"><div class=\"gutentor-image-thumb\"><img loading=\"lazy\" decoding=\"async\" class=\"normal-image\" src=\"https:\/\/www.scm4ecr.com\/wp-content\/uploads\/2025\/11\/tomasz_jaloviec.png\" alt=\"\" height=\"213\" width=\"200\" \/><\/div><\/div><\/div><\/div><\/div><\/div><\/div><\/section>\n\n\n\n<hr class=\"wp-block-separator has-alpha-channel-opacity is-style-wide\"\/>\n\n\n\n<section id=\"section-g-lmxi511\" class=\"wp-block-gutentor-about-block alignwide gutentor-section gutentor-about about-template6 has-color-bg has-custom-bg\"><div class=\"grid-container\"><div class=\"gutentor-grid-item-wrap\"><div class=\"gutentor-single-item\"><div class=\"grid-row\"><div class=\"grid-md-6 about-grid\"><div class=\"gutentor-single-item-content\"><div class=\"gutentor-about-content\"><h3 class=\"gutentor-single-item-title\">Assoc. Prof. GOKHAN KIRBAC, Ph. D.<\/h3><p class=\"gutentor-single-item-desc\">Istanbul K\u00fclt\u00fcr University<br>Turkey<\/p><\/div><\/div><\/div><div class=\"grid-md-6 about-grid\"><div class=\"gutentor-single-item-image-box\"><div class=\"gutentor-image-thumb\"><img loading=\"lazy\" decoding=\"async\" class=\"normal-image\" src=\"https:\/\/www.scm4ecr.com\/wp-content\/uploads\/2025\/11\/GOKHAN-KIRBAC.jpg\" alt=\"\" height=\"197\" width=\"200\" \/><\/div><\/div><\/div><\/div><\/div><\/div><\/div><\/section>\n\n\n\n<hr class=\"wp-block-separator has-alpha-channel-opacity is-style-wide\"\/>\n\n\n\n<section id=\"section-g-y8egm8e\" class=\"wp-block-gutentor-about-block alignwide gutentor-section gutentor-about about-template6 has-color-bg has-custom-bg\"><div class=\"grid-container\"><div class=\"gutentor-grid-item-wrap\"><div class=\"gutentor-single-item\"><div class=\"grid-row\"><div class=\"grid-md-6 about-grid\"><div class=\"gutentor-single-item-content\"><div class=\"gutentor-about-content\"><h3 class=\"gutentor-single-item-title\">Associate prof.\u00a0<strong>ED LINDOO<\/strong>, Ph. D.<\/h3><p class=\"gutentor-single-item-desc\">Regis University<br>Denver, Colorado<br>USA<\/p><\/div><\/div><\/div><div class=\"grid-md-6 about-grid\"><div class=\"gutentor-single-item-image-box\"><div class=\"gutentor-image-thumb\"><img loading=\"lazy\" decoding=\"async\" class=\"normal-image\" src=\"https:\/\/www.scm4ecr.com\/wp-content\/uploads\/2025\/11\/Ed-Lindoo-Ph.D.-200.jpg\" alt=\"\" height=\"243\" width=\"200\" \/><\/div><\/div><\/div><\/div><\/div><\/div><\/div><\/section>\n\n\n\n<hr class=\"wp-block-separator has-alpha-channel-opacity is-style-wide\"\/>\n\n\n\n<section id=\"section-g-a9slml0\" class=\"wp-block-gutentor-about-block alignwide gutentor-section gutentor-about about-template6 has-color-bg has-custom-bg\"><div class=\"grid-container\"><div class=\"gutentor-grid-item-wrap\"><div class=\"gutentor-single-item\"><div class=\"grid-row\"><div class=\"grid-md-6 about-grid\"><div class=\"gutentor-single-item-content\"><div class=\"gutentor-about-content\"><h3 class=\"gutentor-single-item-title\"><em><strong>Dariusz Grala Ph.D.<\/strong><\/em><\/h3><p class=\"gutentor-single-item-desc\">War Studies University<br> Poland<\/p><\/div><\/div><\/div><div class=\"grid-md-6 about-grid\"><div class=\"gutentor-single-item-image-box\"><div class=\"gutentor-image-thumb\"><img loading=\"lazy\" decoding=\"async\" class=\"normal-image\" src=\"https:\/\/www.scm4ecr.com\/wp-content\/uploads\/2025\/11\/Dariusz-Grala-e1764272289379.png\" alt=\"\" height=\"260\" width=\"200\" \/><\/div><\/div><\/div><\/div><\/div><\/div><\/div><\/section>\n\n\n\n<hr class=\"wp-block-separator has-alpha-channel-opacity is-style-wide\"\/>\n\n\n\n<section id=\"section-g-snj1aus\" class=\"wp-block-gutentor-about-block alignwide gutentor-section gutentor-about about-template6 has-color-bg has-custom-bg\"><div class=\"grid-container\"><div class=\"gutentor-grid-item-wrap\"><div class=\"gutentor-single-item\"><div class=\"grid-row\"><div class=\"grid-md-6 about-grid\"><div class=\"gutentor-single-item-content\"><div class=\"gutentor-about-content\"><h3 class=\"gutentor-single-item-title\"><em><strong>Marcin \u015al\u0119zak<\/strong><\/em> <em>Prof.<\/em><\/h3><p class=\"gutentor-single-item-desc\">Director of Motor Transport Institute<br> Poland<\/p><\/div><\/div><\/div><div class=\"grid-md-6 about-grid\"><div class=\"gutentor-single-item-image-box\"><div class=\"gutentor-image-thumb\"><img loading=\"lazy\" decoding=\"async\" class=\"normal-image\" src=\"https:\/\/www.scm4ecr.com\/wp-content\/uploads\/2025\/12\/Marcin-Slezak-e1765052482421.jpg\" alt=\"\" height=\"281\" width=\"200\" \/><\/div><\/div><\/div><\/div><\/div><\/div><\/div><\/section>\n\n\n\n<hr class=\"wp-block-separator has-alpha-channel-opacity is-style-wide\"\/>\n\n\n\n<p><\/p>\n","protected":false},"excerpt":{"rendered":"","protected":false},"author":1,"featured_media":0,"parent":0,"menu_order":2,"comment_status":"closed","ping_status":"closed","template":"","meta":{"footnotes":""},"class_list":["post-259","page","type-page","status-publish","hentry"],"yoast_head":"<!-- This site is optimized with the Yoast SEO plugin v27.5 - https:\/\/yoast.com\/product\/yoast-seo-wordpress\/ -->\n<title>Conference Co-Chairs - Supply Chain Management for Efficient Consumer Response Conference<\/title>\n<meta name=\"description\" content=\"Join us in recognizing the Conference Co-Chairs of the IoT Innovation event, collaborating across universities in Europe and the USA.\" \/>\n<meta name=\"robots\" content=\"index, follow, max-snippet:-1, max-image-preview:large, max-video-preview:-1\" \/>\n<link rel=\"canonical\" href=\"https:\/\/www.scm4ecr.com\/index.php\/conference-co-chairs\/\" \/>\n<meta property=\"og:locale\" content=\"en_US\" \/>\n<meta property=\"og:type\" content=\"article\" \/>\n<meta property=\"og:title\" content=\"Conference Co-Chairs - Supply Chain Management for Efficient Consumer Response Conference\" \/>\n<meta property=\"og:description\" content=\"Join us in recognizing the Conference Co-Chairs of the IoT Innovation event, collaborating across universities in Europe and the USA.\" \/>\n<meta property=\"og:url\" content=\"https:\/\/www.scm4ecr.com\/index.php\/conference-co-chairs\/\" \/>\n<meta property=\"og:site_name\" content=\"Supply Chain Management for Efficient Consumer Response Conference\" \/>\n<meta property=\"article:modified_time\" content=\"2025-12-28T17:06:36+00:00\" \/>\n<meta property=\"og:image\" content=\"https:\/\/www.scm4ecr.com\/wp-content\/uploads\/2025\/11\/Gerd-Wolfram.jpeg\" \/>\n<meta name=\"twitter:card\" content=\"summary_large_image\" \/>\n<meta name=\"twitter:label1\" content=\"Est. reading time\" \/>\n\t<meta name=\"twitter:data1\" content=\"4 minutes\" \/>\n<script type=\"application\/ld+json\" class=\"yoast-schema-graph\">{\"@context\":\"https:\\\/\\\/schema.org\",\"@graph\":[{\"@type\":\"WebPage\",\"@id\":\"https:\\\/\\\/www.scm4ecr.com\\\/index.php\\\/conference-co-chairs\\\/\",\"url\":\"https:\\\/\\\/www.scm4ecr.com\\\/index.php\\\/conference-co-chairs\\\/\",\"name\":\"Conference Co-Chairs - Supply Chain Management for Efficient Consumer Response Conference\",\"isPartOf\":{\"@id\":\"https:\\\/\\\/www.scm4ecr.com\\\/#website\"},\"primaryImageOfPage\":{\"@id\":\"https:\\\/\\\/www.scm4ecr.com\\\/index.php\\\/conference-co-chairs\\\/#primaryimage\"},\"image\":{\"@id\":\"https:\\\/\\\/www.scm4ecr.com\\\/index.php\\\/conference-co-chairs\\\/#primaryimage\"},\"thumbnailUrl\":\"https:\\\/\\\/www.scm4ecr.com\\\/wp-content\\\/uploads\\\/2025\\\/11\\\/Gerd-Wolfram.jpeg\",\"datePublished\":\"2025-11-19T16:35:29+00:00\",\"dateModified\":\"2025-12-28T17:06:36+00:00\",\"description\":\"Join us in recognizing the Conference Co-Chairs of the IoT Innovation event, collaborating across universities in Europe and the USA.\",\"breadcrumb\":{\"@id\":\"https:\\\/\\\/www.scm4ecr.com\\\/index.php\\\/conference-co-chairs\\\/#breadcrumb\"},\"inLanguage\":\"en-US\",\"potentialAction\":[{\"@type\":\"ReadAction\",\"target\":[\"https:\\\/\\\/www.scm4ecr.com\\\/index.php\\\/conference-co-chairs\\\/\"]}]},{\"@type\":\"ImageObject\",\"inLanguage\":\"en-US\",\"@id\":\"https:\\\/\\\/www.scm4ecr.com\\\/index.php\\\/conference-co-chairs\\\/#primaryimage\",\"url\":\"https:\\\/\\\/www.scm4ecr.com\\\/wp-content\\\/uploads\\\/2025\\\/11\\\/Gerd-Wolfram.jpeg\",\"contentUrl\":\"https:\\\/\\\/www.scm4ecr.com\\\/wp-content\\\/uploads\\\/2025\\\/11\\\/Gerd-Wolfram.jpeg\",\"width\":197,\"height\":197},{\"@type\":\"BreadcrumbList\",\"@id\":\"https:\\\/\\\/www.scm4ecr.com\\\/index.php\\\/conference-co-chairs\\\/#breadcrumb\",\"itemListElement\":[{\"@type\":\"ListItem\",\"position\":1,\"name\":\"Home\",\"item\":\"https:\\\/\\\/www.scm4ecr.com\\\/\"},{\"@type\":\"ListItem\",\"position\":2,\"name\":\"Conference Co-Chairs\"}]},{\"@type\":\"WebSite\",\"@id\":\"https:\\\/\\\/www.scm4ecr.com\\\/#website\",\"url\":\"https:\\\/\\\/www.scm4ecr.com\\\/\",\"name\":\"Supply Chain Management for Efficient Consumer Response Conference\",\"description\":\"Academics and Business Partnerships\",\"publisher\":{\"@id\":\"https:\\\/\\\/www.scm4ecr.com\\\/#organization\"},\"potentialAction\":[{\"@type\":\"SearchAction\",\"target\":{\"@type\":\"EntryPoint\",\"urlTemplate\":\"https:\\\/\\\/www.scm4ecr.com\\\/?s={search_term_string}\"},\"query-input\":{\"@type\":\"PropertyValueSpecification\",\"valueRequired\":true,\"valueName\":\"search_term_string\"}}],\"inLanguage\":\"en-US\"},{\"@type\":\"Organization\",\"@id\":\"https:\\\/\\\/www.scm4ecr.com\\\/#organization\",\"name\":\"Supply Chain Management for Efficient Consumer Response Conference\",\"url\":\"https:\\\/\\\/www.scm4ecr.com\\\/\",\"logo\":{\"@type\":\"ImageObject\",\"inLanguage\":\"en-US\",\"@id\":\"https:\\\/\\\/www.scm4ecr.com\\\/#\\\/schema\\\/logo\\\/image\\\/\",\"url\":\"https:\\\/\\\/www.scm4ecr.com\\\/wp-content\\\/uploads\\\/2025\\\/11\\\/logo-scm4ecr.jpg\",\"contentUrl\":\"https:\\\/\\\/www.scm4ecr.com\\\/wp-content\\\/uploads\\\/2025\\\/11\\\/logo-scm4ecr.jpg\",\"width\":619,\"height\":110,\"caption\":\"Supply Chain Management for Efficient Consumer Response Conference\"},\"image\":{\"@id\":\"https:\\\/\\\/www.scm4ecr.com\\\/#\\\/schema\\\/logo\\\/image\\\/\"}}]}<\/script>\n<!-- \/ Yoast SEO plugin. -->","yoast_head_json":{"title":"Conference Co-Chairs - Supply Chain Management for Efficient Consumer Response Conference","description":"Join us in recognizing the Conference Co-Chairs of the IoT Innovation event, collaborating across universities in Europe and the USA.","robots":{"index":"index","follow":"follow","max-snippet":"max-snippet:-1","max-image-preview":"max-image-preview:large","max-video-preview":"max-video-preview:-1"},"canonical":"https:\/\/www.scm4ecr.com\/index.php\/conference-co-chairs\/","og_locale":"en_US","og_type":"article","og_title":"Conference Co-Chairs - Supply Chain Management for Efficient Consumer Response Conference","og_description":"Join us in recognizing the Conference Co-Chairs of the IoT Innovation event, collaborating across universities in Europe and the USA.","og_url":"https:\/\/www.scm4ecr.com\/index.php\/conference-co-chairs\/","og_site_name":"Supply Chain Management for Efficient Consumer Response Conference","article_modified_time":"2025-12-28T17:06:36+00:00","og_image":[{"url":"https:\/\/www.scm4ecr.com\/wp-content\/uploads\/2025\/11\/Gerd-Wolfram.jpeg","type":"","width":"","height":""}],"twitter_card":"summary_large_image","twitter_misc":{"Est. reading time":"4 minutes"},"schema":{"@context":"https:\/\/schema.org","@graph":[{"@type":"WebPage","@id":"https:\/\/www.scm4ecr.com\/index.php\/conference-co-chairs\/","url":"https:\/\/www.scm4ecr.com\/index.php\/conference-co-chairs\/","name":"Conference Co-Chairs - Supply Chain Management for Efficient Consumer Response Conference","isPartOf":{"@id":"https:\/\/www.scm4ecr.com\/#website"},"primaryImageOfPage":{"@id":"https:\/\/www.scm4ecr.com\/index.php\/conference-co-chairs\/#primaryimage"},"image":{"@id":"https:\/\/www.scm4ecr.com\/index.php\/conference-co-chairs\/#primaryimage"},"thumbnailUrl":"https:\/\/www.scm4ecr.com\/wp-content\/uploads\/2025\/11\/Gerd-Wolfram.jpeg","datePublished":"2025-11-19T16:35:29+00:00","dateModified":"2025-12-28T17:06:36+00:00","description":"Join us in recognizing the Conference Co-Chairs of the IoT Innovation event, collaborating across universities in Europe and the USA.","breadcrumb":{"@id":"https:\/\/www.scm4ecr.com\/index.php\/conference-co-chairs\/#breadcrumb"},"inLanguage":"en-US","potentialAction":[{"@type":"ReadAction","target":["https:\/\/www.scm4ecr.com\/index.php\/conference-co-chairs\/"]}]},{"@type":"ImageObject","inLanguage":"en-US","@id":"https:\/\/www.scm4ecr.com\/index.php\/conference-co-chairs\/#primaryimage","url":"https:\/\/www.scm4ecr.com\/wp-content\/uploads\/2025\/11\/Gerd-Wolfram.jpeg","contentUrl":"https:\/\/www.scm4ecr.com\/wp-content\/uploads\/2025\/11\/Gerd-Wolfram.jpeg","width":197,"height":197},{"@type":"BreadcrumbList","@id":"https:\/\/www.scm4ecr.com\/index.php\/conference-co-chairs\/#breadcrumb","itemListElement":[{"@type":"ListItem","position":1,"name":"Home","item":"https:\/\/www.scm4ecr.com\/"},{"@type":"ListItem","position":2,"name":"Conference Co-Chairs"}]},{"@type":"WebSite","@id":"https:\/\/www.scm4ecr.com\/#website","url":"https:\/\/www.scm4ecr.com\/","name":"Supply Chain Management for Efficient Consumer Response Conference","description":"Academics and Business Partnerships","publisher":{"@id":"https:\/\/www.scm4ecr.com\/#organization"},"potentialAction":[{"@type":"SearchAction","target":{"@type":"EntryPoint","urlTemplate":"https:\/\/www.scm4ecr.com\/?s={search_term_string}"},"query-input":{"@type":"PropertyValueSpecification","valueRequired":true,"valueName":"search_term_string"}}],"inLanguage":"en-US"},{"@type":"Organization","@id":"https:\/\/www.scm4ecr.com\/#organization","name":"Supply Chain Management for Efficient Consumer Response Conference","url":"https:\/\/www.scm4ecr.com\/","logo":{"@type":"ImageObject","inLanguage":"en-US","@id":"https:\/\/www.scm4ecr.com\/#\/schema\/logo\/image\/","url":"https:\/\/www.scm4ecr.com\/wp-content\/uploads\/2025\/11\/logo-scm4ecr.jpg","contentUrl":"https:\/\/www.scm4ecr.com\/wp-content\/uploads\/2025\/11\/logo-scm4ecr.jpg","width":619,"height":110,"caption":"Supply Chain Management for Efficient Consumer Response Conference"},"image":{"@id":"https:\/\/www.scm4ecr.com\/#\/schema\/logo\/image\/"}}]}},"_links":{"self":[{"href":"https:\/\/www.scm4ecr.com\/index.php\/wp-json\/wp\/v2\/pages\/259","targetHints":{"allow":["GET"]}}],"collection":[{"href":"https:\/\/www.scm4ecr.com\/index.php\/wp-json\/wp\/v2\/pages"}],"about":[{"href":"https:\/\/www.scm4ecr.com\/index.php\/wp-json\/wp\/v2\/types\/page"}],"author":[{"embeddable":true,"href":"https:\/\/www.scm4ecr.com\/index.php\/wp-json\/wp\/v2\/users\/1"}],"replies":[{"embeddable":true,"href":"https:\/\/www.scm4ecr.com\/index.php\/wp-json\/wp\/v2\/comments?post=259"}],"version-history":[{"count":13,"href":"https:\/\/www.scm4ecr.com\/index.php\/wp-json\/wp\/v2\/pages\/259\/revisions"}],"predecessor-version":[{"id":1106,"href":"https:\/\/www.scm4ecr.com\/index.php\/wp-json\/wp\/v2\/pages\/259\/revisions\/1106"}],"wp:attachment":[{"href":"https:\/\/www.scm4ecr.com\/index.php\/wp-json\/wp\/v2\/media?parent=259"}],"curies":[{"name":"wp","href":"https:\/\/api.w.org\/{rel}","templated":true}]}}